he prime factors of 10445359.
37, 282307
What are the prime factors of 1319365?
5, 367, 719
List the prime factors of 688216.
2, 86027
List the prime factors of 18138968.
2, 31, 73141
What are the prime factors of 2840502?
2, 3, 7, 67631
What are the prime factors of 12075525?
3, 5, 7, 11, 17, 41
List the prime factors of 1371911.
1371911
List the prime factors of 3204041.
17, 188473
What are the prime factors of 9772078?
2, 61, 173, 463
List the prime factors of 230909.
7, 32987
List the prime factors of 7031590.
2, 5, 109, 6451
What are the prime factors of 11007?
3, 1223
List the prime factors of 908411.
7, 18539
What are the prime factors of 44278?
2, 13, 131
What are the prime factors of 18303903?
3, 347, 5861
List the prime factors of 1160947.
17, 47, 1453
What are the prime factors of 4028428?
2, 449, 2243
List the prime factors of 837367.
837367
List the prime factors of 1097151.
3, 11, 33247
What are the prime factors of 7307520?
2, 3, 5, 11, 173
List the prime factors of 9224.
2, 1153
What are the prime factors of 18033197?
7, 13, 53, 3739
List the prime factors of 13494989.
179, 75391
List the prime factors of 787673.
47, 16759
List the prime factors of 114260.
2, 5, 29, 197
What are the prime factors of 526078?
2, 7, 53, 709
What are the prime factors of 5381752?
2, 127, 5297
What are the prime factors of 221258?
2, 110629
List the prime factors of 33753813.
3, 73, 154127
List the prime factors of 411428.
2, 73, 1409
What are the prime factors of 1150831?
11, 9511
List the prime factors of 282673.
67, 4219
What are the prime factors of 8195175?
3, 5, 19, 71
List the prime factors of 1213062.
2, 3, 181, 1117
List the prime factors of 1509694.
2, 509, 1483
List the prime factors of 8102.
2, 4051
What are the prime factors of 8134411?
61, 133351
What are the prime factors of 9458524?
2, 29, 67, 1217
What are the prime factors of 22297231?
11, 2027021
List the prime factors of 467762.
2, 233881
List the prime factors of 250680.
2, 3, 5, 2089
List the prime factors of 426652.
2, 106663
List the prime factors of 2213610.
2, 3, 5, 7, 83, 127
What are the prime factors of 1590825?
3, 5, 21211
List the prime factors of 3543063.
3, 19, 61, 1019
List the prime factors of 2207208.
2, 3, 91967
What are the prime factors of 817886?
2, 408943
List the prime factors of 178272.
2, 3, 619
What are the prime factors of 5470460?
2, 5, 43, 6361
What are the prime factors of 6393462?
2, 3, 17, 19, 3299
What are the prime factors of 574123?
11, 19, 41, 67
List the prime factors of 629938.
2, 29, 10861
What are the prime factors of 569762?
2, 284881
What are the prime factors of 7308879?
3, 2436293
List the prime factors of 1179616.
2, 191, 193
What are the prime factors of 1327957?
709, 1873
List the prime factors of 38326.
2, 19163
List the prime factors of 9672356.
2, 673, 3593
List the prime factors of 158432.
2, 4951
What are the prime factors of 2556501?
3, 852167
What are the prime factors of 1233655?
5, 246731
What are the prime factors of 5041534?
2, 29, 86923
List the prime factors of 88521.
3, 19, 1553
What are the prime factors of 10243339?
37, 276847
List the prime factors of 13240101.
3, 7, 630481
List the prime factors of 2132251.
11, 193841
List the prime factors of 37786.
2, 7, 2699
What are the prime factors of 1088770?
2, 5, 108877
List the prime factors of 2730427.
7, 103, 541
List the prime factors of 4476353.
7, 29, 22051
What are the prime factors of 355786?
2, 177893
What are the prime factors of 768945?
3, 5, 51263
List the prime factors of 23577876.
2, 3, 7, 93563
What are the prime factors of 22337532?
2, 3, 7, 67
List the prime factors of 247330.
2, 5, 24733
List the prime factors of 9407410.
2, 5, 773, 1217
List the prime factors of 1540888.
2, 192611
What are the prime factors of 129216?
2, 3, 673
What are the prime factors of 85659?
3, 7, 4079
What are the prime factors of 435911?
7, 62273
What are the prime factors of 273426?
2, 3, 199, 229
List the prime factors of 550687.
379, 1453
List the prime factors of 17808971.
3191, 5581
What are the prime factors of 18783787?
11, 1707617
List the prime factors of 26542596.
2, 3, 2211883
What are the prime factors of 1057173?
3, 13, 27107
What are the prime factors of 1104853?
1104853
List the prime factors of 5859313.
101, 58013
What are the prime factors of 2674228?
2, 271, 2467
What are the prime factors of 1241298?
2, 3, 127, 181
What are the prime factors of 235815?
3, 5, 79, 199
What are the prime factors of 948800?
2, 5, 593
What are the prime factors of 195991?
195991
What are the prime factors of 3706392?
2, 3, 389, 397
List the prime factors of 8573768.
2, 7, 283, 541
List the prime factors of 431314.
2, 13, 53, 313
What are the prime factors of 33879?
3, 23, 491
What are the prime factors of 526997?
526997
What are the prime factors of 3141708?
2, 3, 23, 11383
What are the prime factors of 1624189?
7, 37, 6271
What are the prime factors of 160099?
37, 4327
What are the prime factors of 495769?
495769
What are the prime factors of 468379?
29, 31, 521
What are the prime factors of 6351013?
17, 23, 37, 439
List the prime factors of 49648.
2, 29, 107
What are the prime factors of 404829?
3, 31, 1451
List the prime factors of 1103110.
2, 5, 110311
List the prime factors of 573789.
3, 193, 991
List the prime factors of 39164.
2, 9791
What are the prime factors of 1077975?
3, 5, 1597
List the prime factors of 1075289.
1075289
What are the prime factors of 122937?
3, 43, 953
What are the prime factors of 6876108?
2, 3, 409, 467
List the prime factors of 1111614.
2, 3, 7, 19, 199
List the prime factors of 17519616.
2, 3, 1901
List the prime factors of 10313339.
17, 251, 2417
List the prime factors of 763150.
2, 5, 15263
What are the prime factors of 1261088?
2, 39409
What are the prime factors of 168050?
2, 5, 3361
What are the prime factors of 880141?
17, 23, 2251
List the prime factors of 11609907.
3, 379, 10211
What are the prime factors of 1135112?
2, 11, 12899
What are the prime factors of 7315340?
2, 5, 499, 733
What are the prime factors of 17938724?
2, 857, 5233
List the prime factors of 1475978.
2, 7, 15061
What are the prime factors of 560611?
89, 6299
What are the prime factors of 16465581?
3, 11, 166319
List the prime factors of 2990257.
401, 7457
What are the prime factors of 1892995?
5, 13, 29123
List the prime factors of 31611770.
2, 5, 293, 10789
What are the prime factors of 839306?
2, 13, 19, 1699
What are the prime factors of 741431?
741431
What are the prime factors of 200880?
2, 3, 5, 31
List the prime factors of 2349578.
2, 7, 11, 19, 73
What are the prime factors of 1234642?
2, 17, 36313
List the prime factors of 102576.
2, 3, 2137
List the prime factors of 876469.
11, 17, 43, 109
List the prime factors of 729539.
131, 5569
List the prime factors of 588764.
2, 11, 13381
List the prime factors of 3825763.
37, 103399
List the prime factors of 3039984.
2, 3, 31, 227
List the prime factors of 3782064.
2, 3, 11, 13, 19, 29
What are the prime factors of 214739?
7, 30677
List the prime factors of 15313074.
2, 3, 7, 43, 61, 139
List the prime factors of 5961487.
7, 89, 1367
What are the prime factors of 339362?
2, 169681
List the prime factors of 2820006.
2, 3, 7, 22381
What are the prime factors of 309742?
2, 154871
List the prime factors of 5539549.
631, 8779
List the prime factors of 128845.
5, 73, 353
What are the prime factors of 8176303?
17, 480959
List the prime factors of 4168425.
3, 5, 55579
What are the prime factors of 2846030?
2, 5, 11, 25873
List the prime factors of 7717699.
11, 701609
What are the prime factors of 2452765?
5, 7, 70079
List the prime factors of 71672.
2, 17, 31
List the prime factors of 497976.
2, 3, 20749
What are the prime factors of 3302784?
2, 3, 47, 61
What are the prime factors of 6136845?
3, 5, 11, 13, 2861
What are the prime factors of 821263?
821263
What are the prime factors of 16390463?
139, 117917
What are the prime factors of 119958?
2, 3, 19993
List the prime factors of 66655.
5, 13331
What are the prime factors of 226655?
5, 11, 13, 317
List the prime factors of 2792532.
2, 3, 232711
What are the prime factors of 712631?
712631
What are the prime factors of 262887?
3, 87629
List the prime factors of 8021414.
2, 401